c = 48. List the prime factors of f.
23
Suppose -b = 8*l - 7*l - 17, 72 = 4*l + 2*b. List the prime factors of l.
19
Suppose -2*l + f - 4*f = -6, -f = -2. Suppose -j = -4*x, -5*x + 0*j - 5*j = l. Suppose -91 = -2*u - 3*v - x, 5*u - 238 = 3*v. What are the prime factors of u?
47
Let h = -523 + 1608. What are the prime factors of h?
5, 7, 31
Suppose 0 = 12*c + 10*c - 53350. What are the prime factors of c?
5, 97
Let w = 4 + -6. Let b(o) = -21*o - 10. Let g(d) = 1. Let h(l) = b(l) + 6*g(l). What are the prime factors of h(w)?
2, 19
Let i(u) = -24*u**3 + 2*u**2 - u - 2. What are the prime factors of i(-1)?
5
Suppose -5*h - 19 = -q, -4*q + 10*h - 5*h = -16. Let i(d) = -4*d + 28*d**2 + 0*d**2 + 5*d. List the prime factors of i(q).
3
Suppose -10 = o + 2*n, 0 = 5*o + 3*n + 6 + 9. Let l be 27 - (0 - o) - 1. Suppose u = -0*u + l. List the prime factors of u.
2, 13
Suppose -257*t + 197302 = -223*t. List the prime factors of t.
7, 829
Let u = -45 - -45. Suppose 5*h = u, 5*h - 268 - 50 = -2*b. List the prime factors of b.
3, 53
Let r be -3 + 2 + -3 - -3. List the prime factors of r + 2 - -1 - (-312)/2.
2, 79
What are the prime factors of (3 + 50)/(6 - (-5)/(-1))?
53
Suppose -4 = 5*g - 14, 5*f - 17171 = -3*g. What are the prime factors of f?
3433
Suppose -2*m + 13376 = 9*m. List the prime factors of m.
2, 19
What are the prime factors of ((-14)/1)/((-12)/9000*5)?
2, 3, 5, 7
Suppose 0 = -r + 2 + 1. Suppose r*k + 1 = -11. List the prime factors of 897/21 + k/(-14).
43
Suppose 3910 = 6*v - 1244. List the prime factors of v.
859
Suppose -4445 = -5*i + 63*v - 58*v, 0 = -4*v - 12. What are the prime factors of i?
2, 443
Let g = -841 + 1620. What are the prime factors of g?
19, 41
Let k = -43 + -2. Suppose 0 = 5*u - 206 - 314. Let i = u + k. What are the prime factors of i?
59
Suppose -24*b + 4534 = -914. What are the prime factors of b?
227
Suppose 2*g = -27*w + 30*w - 260, 0 = -3*w - 5*g + 232. What are the prime factors of w?
2, 3, 7
Let f(y) = -y**3 + 10*y**2 + 12*y - 15. Let n be f(11). Let b be n/(-18) + 92/(-9). Let c = -7 - b. List the prime factors of c.
3
Suppose 152*h - 158*h + 1302 = 0. What are the prime factors of h?
7, 31
What are the prime factors of ((-26)/8)/(((-42)/9192)/7)?
13, 383
Suppose k + 2*l - 144 = -0*k, 687 = 5*k - l. Let d = k - 38. Suppose 4*g = -7*j + 2*j + 105, -d = -5*j - 5*g. What are the prime factors of j?
5
Let q = 78 + -80. What are the prime factors of (-7 - -9)/((-272)/(-134) + q)?
67
Let y = 681 + -344. List the prime factors of y.
337
Suppose 2*f + 3 = 3*f. Let y be 156/104 - (-6)/4. Suppose y*q = -g + 48, f*q - g - 13 - 29 = 0. What are the prime factors of q?
3, 5
Let k(z) = 7 + 9 + 7*z - 16. Let j be k(4). Suppose -b - 5*u + 16 = -3*b, -j = -4*b - 5*u. What are the prime factors of b?
2
List the prime factors of 8774*5/70 + (-4)/(-14).
3, 11, 19
Suppose p + 5*z + 25 = 0, 3*p + 5*z + 31 = -24. List the prime factors of 3/9 + (-1180)/p.
79
Let o(m) = -m**3 - 20*m**2 - 21*m - 15. Let w be (-1)/(2*4/(-24)). Suppose -54 = -0*u + 3*u + w*v, 5*u + 97 = 2*v. What are the prime factors of o(u)?
23
Suppose 1517 = 2*d + 3*a, -4*d + 2*a = -3481 + 407. List the prime factors of d.
2, 383
Let d(u) = 5*u + 3. Let m be d(-4). List the prime factors of -6 - m - (-4)/(-1).
7
Let q(u) = u**3 + 7*u - u - 5*u**2 + 4 + 12*u**2. Let w be q(-6). Suppose -w*t = -4*g + 44, -2 = -4*t + 2*t. What are the prime factors of g?
2, 3
Suppose -2*f - 76 = -x, -x + 4*x = -4*f - 172. Let i = 90 + f. What are the prime factors of i?
2, 5
List the prime factors of 13 + -15 - (-1023 - -2).
1019
Let n = -6 - -8. Let z(q) = -3 - 2*q**2 - 8*q + q**n - 7*q - 1. List the prime factors of z(-12).
2
Suppose -3*x = 2*k - 1663 + 466, -x + 2*k = -399. What are the prime factors of x?
3, 7, 19
Let t(x) = 21*x**3 + x. Suppose w - 2*v - 3*v = -9, -w - 3*v = -7. List the prime factors of t(w).
2, 11
Let i = -1161 - -1264. List the prime factors of i.
103
Suppose 15*j - 52181 = 10774. List the prime factors of j.
3, 1399
Suppose 0 = -5*v + 10*v + m - 2033, 0 = 5*v + 4*m - 2042. List the prime factors of v.
2, 7, 29
Suppose 0 = -0*t + t - 2. Suppose -y + t + 8 = 0. What are the prime factors of (y/(-8))/(7/(-140))?
5
Let a(k) = 9*k + 14 - 11*k - 11*k. What are the prime factors of a(-9)?
131
Suppose 0 = -16*d + 6608 + 5600. List the prime factors of d.
7, 109
Let x(w) = -18*w - 8. Let f be x(-6). Let g = f + -25. What are the prime factors of g?
3, 5
Let l(m) = -3*m + 10. Let r(k) = k**3 - k**2 - k - 7. Let d be r(0). Let w be (-28)/d + 24/(-2). What are the prime factors of l(w)?
2, 17
Let b(r) be the first derivative of r**3 - r**2 - 10*r + 46. List the prime factors of b(9).
5, 43
List the prime factors of (30/(-35))/((-1)/903).
2, 3, 43
Suppose a - 3*s + 2 = 9, 4*s = a - 7. Suppose -545 - 120 = -a*j. What are the prime factors of j?
5, 19
What are the prime factors of 2*428 - 96/(-32)?
859
Let t(l) = 2*l**3 + l**2 - 5*l + 21. What are the prime factors of t(4)?
5, 29
Let i(w) = -w**3 + 8*w**2 + 2*w - 7. Let z(r) = r**3 + 14*r**2 - 15*r + 7. Let m be z(-15). What are the prime factors of i(m)?
2, 7
Let m = -45 - -49. Let k(j) = -j**3 + 5*j**2 + 3*j + 6. Let q be k(5). What are the prime factors of m/6*q/2?
7
Let k be (-14)/(-35) - (-154)/(-10). List the prime factors of (1 - k/(-20))/((-1)/(-148)).
37
List the prime factors of ((-3036)/165)/(1/(-60)).
2, 3, 23
List the prime factors of (-1 + 3 + -5)*(-161)/21.
23
Suppose l + 252 = 2*l. Suppose 5*n - 18 = l. Suppose 26 = 5*u - n. What are the prime factors of u?
2
Suppose 4*m = t + 79 - 24, -70 = -4*m - 2*t. Let d = m - 14. List the prime factors of 1 + 34 + d + -2.
2, 17
Let d = 12 - 9. Suppose o - d = f - 9, 5*o + 15 = 0. List the prime factors of f.
3
Suppose -16*g - 2*g + 22932 = 0. What are the prime factors of g?
2, 7, 13
Let f(y) = -7*y - 77. Let w be f(-10). List the prime factors of (-7)/(w/3)*202/6.
101
Let a be ((9 - 4) + 144)*-10. List the prime factors of a/(-18) + -1*(-8)/36.
83
Let h = 25 - -50. Suppose 4*g = 3*g + h. List the prime factors of g.
3, 5
Suppose -a - 2*d = -6*d - 209, -a + 211 = -3*d. List the prime factors of a.
7, 31
Suppose -204 + 54 = -3*r. Suppose -3*b - 200 = -4*c, 0 = -2*c + 3*c - b - r. List the prime factors of (-122)/(-5) - 20/c.
2, 3
Let x be 2*((-174)/4 - 1). Let p = -51 - x. What are the prime factors of p?
2, 19
Let f be (-10)/(-15) + (-5)/3. Let z be 2 + 1/f + 2. What are the prime factors of 42/4*10/z?
5, 7
Let j be (-1)/(-5) + 1718/10. Suppose 0 = -2*q + j - 6. Suppose -69 = -3*l - 4*i, 0 = -5*l + 3*i + i + q. List the prime factors of l.
19
Let a(o) = -o**2 + 8*o. Let v be a(8). Suppose 3*j - f - 8 = 0, -j - 3*f + v - 4 = 0. List the prime factors of j.
2
Let i be (99/(-22))/((-2)/28). Suppose -i*b = -68*b + 540. List the prime factors of b.
2, 3
Suppose -3*s - s = 0. Let d = s + 75. List the prime factors of d.
3, 5
Let m(j) = -3*j - 5. Let v(p) = -5*p - 9. Let i(d) = 11*m(d) - 6*v(d). What are the prime factors of i(-10)?
29
Let u(q) = -5*q**3 - q**2 - 2*q - 1. Let s be u(-1). Suppose -3*t + s*d = -24, -2*t + 26 = -5*d + 5. Suppose 26 = t*g - 16. What are the prime factors of g?
2, 7
Suppose 2*p = 2*i + 518, 524 = 2*p - 4*i - i. List the prime factors of p.
257
Let x(g) = 41*g**3 + g**2 - 6*g. List the prime factors of x(3).
2, 3, 61
Suppose 4*y = 962 + 74. Suppose -y = -4*r - 39. List the prime factors of r.
5, 11
Let k(d) = d**3 + 31*d**2 + 12*d - 68. What are the prime factors of k(-29)?
2, 3, 211
List the prime factors of 6/5*(8330/15 - -8).
2, 13
Let j be (-2 - -4) + -3 + 9. Suppose j*c - 600 = 1536. What are the prime factors of c?
3, 89
Suppose -4 = n + 2*q, -n + 2*q - 16 = 7*q. Let x = 84 - -10. Suppose n*k - 2*k - x = 0. What are the prime factors of k?
47
List the prime factors of (-24)/(-18) + 26446/6.
4409
Suppose 0 = 3*k - g - 177 - 170, 466 = 4*k - 2*g. Suppose -144 = -6*h + k. List the prime factors of h.
43
Let o be 7 + 12/(-3) - (-14)/(-1). Let a(y) = 2*y + 6. Let h be a(-5). Let m = h - o. What are the prime factors of m?
7
Let p(y) = 0*y - 31*y - 22 + 4*y. List the prime factors of p(-5).
113
Let w = -3 - 3. Let f(k) = -k**3 - 7*k**2 - 7*k - 4. Let d be f(w). Suppose x + 2*j = 50, d*j + 5 = -5. What are the prime factors of x?
2, 3, 5
Suppose -421 = -